{"id":136,"date":"2023-08-03T15:41:04","date_gmt":"2023-08-03T13:41:04","guid":{"rendered":"https:\/\/www.trebeurden-chambres-hotes.com\/?page_id=136"},"modified":"2023-08-03T15:48:40","modified_gmt":"2023-08-03T13:48:40","slug":"localisation","status":"publish","type":"page","link":"https:\/\/www.trebeurden-chambres-hotes.com\/index.php\/localisation\/","title":{"rendered":"Localisation"},"content":{"rendered":"\n<h2 class=\"wp-block-heading custom-ask\">La maison Kerwenet\u00a0, une localisation id\u00e9ale pour profiter de vos vacances.<\/h2>\n\n\n\n<p>D\u00e9fiant les lois de l\u2019\u00e9quilibre, d\u2019\u00e9normes blocs de granit cr\u00e9ent un d\u00e9cor unique.<br>Sur la lande comme en mer, la c\u00f4te devient cuivr\u00e9e et comme sculpt\u00e9e par les \u00e9l\u00e9ments.<br>Bienvenue dans un site unique au monde : <span class=\"custom-ask\" style=\"font-size:x-large\">La C\u00f4te de Granit Rose<\/span>.<br>Au c\u0153ur de la c\u00f4te de Granit Rose, Tr\u00e9beurden est la station baln\u00e9aire la plus<br>secr\u00e8te des C\u00f4tes d\u2019Armor.<br><span class=\"custom-ask\" style=\"font-size:x-large\">Tresmeur<\/span>, la plage principale de Tr\u00e9beurden, sertie entre la pointe de Bihit et<br>celle du Castel est \u00e0 10 min \u00e0 pied de la <span class=\"custom-ask\" style=\"font-size:x-large\">Maison Kerwenet<\/span>.<br>C\u2019est une magnifique plage de sable blanc, extr\u00eamement fin et doux. Son exposition<br>sud-ouest fait de cette tr\u00e8s belle plage une des plus agr\u00e9able de toute la c\u00f4te.<br>Le port, Pors Termen, Goas Treiz, Le to\u00e9no seront \u00e0 privil\u00e9gier pour les couchers de soleil.<\/p>\n\n\n<div class=\"wp-block-image\">\n<figure class=\"aligncenter size-full\"><img loading=\"lazy\" decoding=\"async\" width=\"356\" height=\"264\" src=\"https:\/\/www.trebeurden-chambres-hotes.com\/wp-content\/uploads\/2023\/08\/localisation.png\" alt=\"\" class=\"wp-image-145\" srcset=\"https:\/\/www.trebeurden-chambres-hotes.com\/wp-content\/uploads\/2023\/08\/localisation.png 356w, https:\/\/www.trebeurden-chambres-hotes.com\/wp-content\/uploads\/2023\/08\/localisation-300x222.png 300w\" sizes=\"auto, (max-width: 356px) 100vw, 356px\" \/><\/figure>\n<\/div>\n\n\n<h2 class=\"wp-block-heading custom-ask\">Sans voiture \u00e0 Tr\u00e9beurden et \u00e0 la Maison Kerwenet\u00a0<\/h2>\n\n\n\n<p><br>Au d\u00e9part de la gare de Lannion.<br>Prendre la ligne D Lannion &#8211; \u00cele Grande\u00a0 du r\u00e9seau TILT\u00a0: arr\u00eat office de tourisme ou<br>arr\u00eat Kerwenet<br>Les commerces, les plages, tout est accessible \u00e0 pied\u00a0!<\/p>\n\n\n\n<iframe src=\"https:\/\/www.google.com\/maps\/embed?pb=!1m14!1m8!1m3!1d10965.060842428917!2d-3.5747332959975475!3d48.77048300806794!3m2!1i1024!2i768!4f13.1!3m3!1m2!1s0x4813d3689c51fa57%3A0x400f6eeda8eaf6b3!2sChambres%20d&#39;h%C3%B4tes%20Kerwenet!5e0!3m2!1sfr!2sfr!4v1690839925029!5m2!1sfr!2sfr\" width=\"600\" height=\"450\" style=\"border:0;\" allowfullscreen=\"\" loading=\"lazy\" referrerpolicy=\"no-referrer-when-downgrade\"><\/iframe>\n\n\n\n<p><\/p>\n","protected":false},"excerpt":{"rendered":"<p>La maison Kerwenet\u00a0, une localisation id\u00e9ale pour profiter de vos vacances. D\u00e9fiant les lois de l\u2019\u00e9quilibre, d\u2019\u00e9normes blocs de granit cr\u00e9ent un d\u00e9cor unique.Sur la lande comme en mer, la c\u00f4te devient cuivr\u00e9e et comme sculpt\u00e9e par les \u00e9l\u00e9ments.Bienvenue dans un site unique au monde : La C\u00f4te de Granit Rose.Au c\u0153ur de la c\u00f4te &hellip; <\/p>\n<p class=\"link-more\"><a href=\"https:\/\/www.trebeurden-chambres-hotes.com\/index.php\/localisation\/\" class=\"more-link\">Continuer la lecture<span class=\"screen-reader-text\"> de &laquo;&nbsp;Localisation&nbsp;&raquo;<\/span><\/a><\/p>\n","protected":false},"author":1,"featured_media":0,"parent":0,"menu_order":0,"comment_status":"closed","ping_status":"closed","template":"","meta":{"footnotes":""},"class_list":["post-136","page","type-page","status-publish","hentry"],"acf":[],"yoast_head":"<!-- This site is optimized with the Yoast SEO plugin v20.12 - https:\/\/yoast.com\/wordpress\/plugins\/seo\/ -->\n<title>Localisation - Chambres d&#039;h\u00f4tes Kerwenet<\/title>\n<meta name=\"robots\" content=\"index, follow, max-snippet:-1, max-image-preview:large, max-video-preview:-1\" \/>\n<link rel=\"canonical\" href=\"https:\/\/www.trebeurden-chambres-hotes.com\/index.php\/localisation\/\" \/>\n<meta property=\"og:locale\" content=\"fr_FR\" \/>\n<meta property=\"og:type\" content=\"article\" \/>\n<meta property=\"og:title\" content=\"Localisation - Chambres d&#039;h\u00f4tes Kerwenet\" \/>\n<meta property=\"og:description\" content=\"La maison Kerwenet\u00a0, une localisation id\u00e9ale pour profiter de vos vacances. D\u00e9fiant les lois de l\u2019\u00e9quilibre, d\u2019\u00e9normes blocs de granit cr\u00e9ent un d\u00e9cor unique.Sur la lande comme en mer, la c\u00f4te devient cuivr\u00e9e et comme sculpt\u00e9e par les \u00e9l\u00e9ments.Bienvenue dans un site unique au monde : La C\u00f4te de Granit Rose.Au c\u0153ur de la c\u00f4te &hellip; Continuer la lecture de &laquo;&nbsp;Localisation&nbsp;&raquo;\" \/>\n<meta property=\"og:url\" content=\"https:\/\/www.trebeurden-chambres-hotes.com\/index.php\/localisation\/\" \/>\n<meta property=\"og:site_name\" content=\"Chambres d&#039;h\u00f4tes Kerwenet\" \/>\n<meta property=\"article:modified_time\" content=\"2023-08-03T13:48:40+00:00\" \/>\n<meta property=\"og:image\" content=\"https:\/\/www.trebeurden-chambres-hotes.com\/wp-content\/uploads\/2023\/08\/localisation.png\" \/>\n<meta name=\"twitter:card\" content=\"summary_large_image\" \/>\n<meta name=\"twitter:label1\" content=\"Dur\u00e9e de lecture estim\u00e9e\" \/>\n\t<meta name=\"twitter:data1\" content=\"2 minutes\" \/>\n<script type=\"application\/ld+json\" class=\"yoast-schema-graph\">{\"@context\":\"https:\/\/schema.org\",\"@graph\":[{\"@type\":\"WebPage\",\"@id\":\"https:\/\/www.trebeurden-chambres-hotes.com\/index.php\/localisation\/\",\"url\":\"https:\/\/www.trebeurden-chambres-hotes.com\/index.php\/localisation\/\",\"name\":\"Localisation - Chambres d&#039;h\u00f4tes Kerwenet\",\"isPartOf\":{\"@id\":\"https:\/\/www.trebeurden-chambres-hotes.com\/#website\"},\"datePublished\":\"2023-08-03T13:41:04+00:00\",\"dateModified\":\"2023-08-03T13:48:40+00:00\",\"breadcrumb\":{\"@id\":\"https:\/\/www.trebeurden-chambres-hotes.com\/index.php\/localisation\/#breadcrumb\"},\"inLanguage\":\"fr-FR\",\"potentialAction\":[{\"@type\":\"ReadAction\",\"target\":[\"https:\/\/www.trebeurden-chambres-hotes.com\/index.php\/localisation\/\"]}]},{\"@type\":\"BreadcrumbList\",\"@id\":\"https:\/\/www.trebeurden-chambres-hotes.com\/index.php\/localisation\/#breadcrumb\",\"itemListElement\":[{\"@type\":\"ListItem\",\"position\":1,\"name\":\"Accueil\",\"item\":\"https:\/\/www.trebeurden-chambres-hotes.com\/\"},{\"@type\":\"ListItem\",\"position\":2,\"name\":\"Localisation\"}]},{\"@type\":\"WebSite\",\"@id\":\"https:\/\/www.trebeurden-chambres-hotes.com\/#website\",\"url\":\"https:\/\/www.trebeurden-chambres-hotes.com\/\",\"name\":\"Chambres d'h\u00f4tes Kerwenet\",\"description\":\"\",\"potentialAction\":[{\"@type\":\"SearchAction\",\"target\":{\"@type\":\"EntryPoint\",\"urlTemplate\":\"https:\/\/www.trebeurden-chambres-hotes.com\/?s={search_term_string}\"},\"query-input\":\"required name=search_term_string\"}],\"inLanguage\":\"fr-FR\"}]}<\/script>\n<!-- \/ Yoast SEO plugin. -->","yoast_head_json":{"title":"Localisation - Chambres d&#039;h\u00f4tes Kerwenet","robots":{"index":"index","follow":"follow","max-snippet":"max-snippet:-1","max-image-preview":"max-image-preview:large","max-video-preview":"max-video-preview:-1"},"canonical":"https:\/\/www.trebeurden-chambres-hotes.com\/index.php\/localisation\/","og_locale":"fr_FR","og_type":"article","og_title":"Localisation - Chambres d&#039;h\u00f4tes Kerwenet","og_description":"La maison Kerwenet\u00a0, une localisation id\u00e9ale pour profiter de vos vacances. D\u00e9fiant les lois de l\u2019\u00e9quilibre, d\u2019\u00e9normes blocs de granit cr\u00e9ent un d\u00e9cor unique.Sur la lande comme en mer, la c\u00f4te devient cuivr\u00e9e et comme sculpt\u00e9e par les \u00e9l\u00e9ments.Bienvenue dans un site unique au monde : La C\u00f4te de Granit Rose.Au c\u0153ur de la c\u00f4te &hellip; Continuer la lecture de &laquo;&nbsp;Localisation&nbsp;&raquo;","og_url":"https:\/\/www.trebeurden-chambres-hotes.com\/index.php\/localisation\/","og_site_name":"Chambres d&#039;h\u00f4tes Kerwenet","article_modified_time":"2023-08-03T13:48:40+00:00","og_image":[{"url":"https:\/\/www.trebeurden-chambres-hotes.com\/wp-content\/uploads\/2023\/08\/localisation.png"}],"twitter_card":"summary_large_image","twitter_misc":{"Dur\u00e9e de lecture estim\u00e9e":"2 minutes"},"schema":{"@context":"https:\/\/schema.org","@graph":[{"@type":"WebPage","@id":"https:\/\/www.trebeurden-chambres-hotes.com\/index.php\/localisation\/","url":"https:\/\/www.trebeurden-chambres-hotes.com\/index.php\/localisation\/","name":"Localisation - Chambres d&#039;h\u00f4tes Kerwenet","isPartOf":{"@id":"https:\/\/www.trebeurden-chambres-hotes.com\/#website"},"datePublished":"2023-08-03T13:41:04+00:00","dateModified":"2023-08-03T13:48:40+00:00","breadcrumb":{"@id":"https:\/\/www.trebeurden-chambres-hotes.com\/index.php\/localisation\/#breadcrumb"},"inLanguage":"fr-FR","potentialAction":[{"@type":"ReadAction","target":["https:\/\/www.trebeurden-chambres-hotes.com\/index.php\/localisation\/"]}]},{"@type":"BreadcrumbList","@id":"https:\/\/www.trebeurden-chambres-hotes.com\/index.php\/localisation\/#breadcrumb","itemListElement":[{"@type":"ListItem","position":1,"name":"Accueil","item":"https:\/\/www.trebeurden-chambres-hotes.com\/"},{"@type":"ListItem","position":2,"name":"Localisation"}]},{"@type":"WebSite","@id":"https:\/\/www.trebeurden-chambres-hotes.com\/#website","url":"https:\/\/www.trebeurden-chambres-hotes.com\/","name":"Chambres d'h\u00f4tes Kerwenet","description":"","potentialAction":[{"@type":"SearchAction","target":{"@type":"EntryPoint","urlTemplate":"https:\/\/www.trebeurden-chambres-hotes.com\/?s={search_term_string}"},"query-input":"required name=search_term_string"}],"inLanguage":"fr-FR"}]}},"_links":{"self":[{"href":"https:\/\/www.trebeurden-chambres-hotes.com\/index.php\/wp-json\/wp\/v2\/pages\/136","targetHints":{"allow":["GET"]}}],"collection":[{"href":"https:\/\/www.trebeurden-chambres-hotes.com\/index.php\/wp-json\/wp\/v2\/pages"}],"about":[{"href":"https:\/\/www.trebeurden-chambres-hotes.com\/index.php\/wp-json\/wp\/v2\/types\/page"}],"author":[{"embeddable":true,"href":"https:\/\/www.trebeurden-chambres-hotes.com\/index.php\/wp-json\/wp\/v2\/users\/1"}],"replies":[{"embeddable":true,"href":"https:\/\/www.trebeurden-chambres-hotes.com\/index.php\/wp-json\/wp\/v2\/comments?post=136"}],"version-history":[{"count":6,"href":"https:\/\/www.trebeurden-chambres-hotes.com\/index.php\/wp-json\/wp\/v2\/pages\/136\/revisions"}],"predecessor-version":[{"id":146,"href":"https:\/\/www.trebeurden-chambres-hotes.com\/index.php\/wp-json\/wp\/v2\/pages\/136\/revisions\/146"}],"wp:attachment":[{"href":"https:\/\/www.trebeurden-chambres-hotes.com\/index.php\/wp-json\/wp\/v2\/media?parent=136"}],"curies":[{"name":"wp","href":"https:\/\/api.w.org\/{rel}","templated":true}]}}