{"id":5,"date":"2023-07-31T21:51:12","date_gmt":"2023-07-31T19:51:12","guid":{"rendered":"http:\/\/www.trebeurden-chambres-hotes.com\/?page_id=5"},"modified":"2023-08-29T18:16:19","modified_gmt":"2023-08-29T16:16:19","slug":"accueil","status":"publish","type":"page","link":"https:\/\/www.trebeurden-chambres-hotes.com\/","title":{"rendered":"Accueil"},"content":{"rendered":"\n<h1 class=\"wp-block-heading custom-ask\"><strong>Escapade \u00e0 Trebeurden \u2026 \u00e0 la maison Kerwenet !<\/strong><\/h1>\n\n\n\n<p>Venez faire le plein de sensations !<br>Si vous recherchez le d\u00e9paysement dans une ambiance conviviale et accueillante, la<br> <span class=\"custom-ask\" style=\"font-size:x-large\">Maison Kerwenet <\/span> vous ouvre ses portes.<br>Nos chambres d\u2019h\u00f4tes sont la destination id\u00e9ale pour d\u00e9couvrir la c\u00f4te de Granit Rose,<br>joyau touristique de la r\u00e9gion.<br>Je vous accueille dans une maison en bois r\u00e9cente, aux couleurs sobres, et \u00e0 la<br>d\u00e9coration soign\u00e9e. Lampes en bois flott\u00e9s ou galets, r\u00e9alis\u00e9es par mes soins,<br>tableaux d\u2019une artiste locale, poteries d\u2019artistes.<\/p>\n\n\n\n<figure class=\"wp-block-gallery aligncenter has-nested-images columns-default is-cropped wp-block-gallery-1 is-layout-flex wp-block-gallery-is-layout-flex\"><div class=\"wp-block-image\">\n<figure class=\"aligncenter size-large\"><img loading=\"lazy\" decoding=\"async\" width=\"134\" height=\"166\" data-id=\"153\" src=\"https:\/\/www.trebeurden-chambres-hotes.com\/wp-content\/uploads\/2023\/08\/lampe-galet.png\" alt=\"\" class=\"wp-image-153\"\/><\/figure>\n<\/div>\n\n<div class=\"wp-block-image\">\n<figure class=\"aligncenter size-large\"><img loading=\"lazy\" decoding=\"async\" width=\"136\" height=\"98\" data-id=\"151\" src=\"https:\/\/www.trebeurden-chambres-hotes.com\/wp-content\/uploads\/2023\/08\/coquillages.png\" alt=\"\" class=\"wp-image-151\"\/><\/figure>\n<\/div>\n\n<div class=\"wp-block-image is-style-default\">\n<figure class=\"aligncenter size-large\"><img loading=\"lazy\" decoding=\"async\" width=\"148\" height=\"164\" data-id=\"152\" src=\"https:\/\/www.trebeurden-chambres-hotes.com\/wp-content\/uploads\/2023\/08\/tableau.png\" alt=\"\" class=\"wp-image-152\"\/><\/figure>\n<\/div><\/figure>\n\n\n\n<p>A proximit\u00e9 du GR 34 ( 10 min \u00e0 pied ), la maison se trouve \u00e9galement au c\u0153ur du<br>village. Les commerces sont accessibles \u00e0 pied, les plages et restaurants \u00e9galement.<br>Le vaste jardin et le calme du quartier contribueront \u00e0 faire de votre s\u00e9jour un moment<br>de repos agr\u00e9able.<br>Nous vous souhaitons la bienvenue et un agr\u00e9able s\u00e9jour.<br>N\u2019h\u00e9sitez \u00e0 compl\u00e9ter une demande d\u2019informations ou \u00e0 me joindre (t\u00e9l\u00e9phone ou<br>mail)<br>A tr\u00e8s bient\u00f4t.<\/p>\n\n\n\n\n\n\n\n<h2 class=\"wp-block-heading custom-ask\"><br>La Maison Kerwenet.<\/h2>\n\n\n\n<h2 class=\"wp-block-heading custom-ask\">Contact<\/h2>\n\n\n\n<p> 21 bis rue de Kerwenet 22560 TREBEURDEN<br>06 81 31 21 76<br>trebeurden.chambres-hotes@laposte.net<\/p>\n","protected":false},"excerpt":{"rendered":"<p>Escapade \u00e0 Trebeurden \u2026 \u00e0 la maison Kerwenet ! Venez faire le plein de sensations !Si vous recherchez le d\u00e9paysement dans une ambiance conviviale et accueillante, la Maison Kerwenet vous ouvre ses portes.Nos chambres d\u2019h\u00f4tes sont la destination id\u00e9ale pour d\u00e9couvrir la c\u00f4te de Granit Rose,joyau touristique de la r\u00e9gion.Je vous accueille dans une maison &hellip; <\/p>\n<p class=\"link-more\"><a href=\"https:\/\/www.trebeurden-chambres-hotes.com\/\" class=\"more-link\">Continuer la lecture<span class=\"screen-reader-text\"> de &laquo;&nbsp;Accueil&nbsp;&raquo;<\/span><\/a><\/p>\n","protected":false},"author":1,"featured_media":0,"parent":0,"menu_order":0,"comment_status":"closed","ping_status":"closed","template":"","meta":{"footnotes":""},"class_list":["post-5","page","type-page","status-publish","hentry"],"acf":[],"yoast_head":"<!-- This site is optimized with the Yoast SEO plugin v20.12 - https:\/\/yoast.com\/wordpress\/plugins\/seo\/ -->\n<title>Accueil - Chambres d&#039;h\u00f4tes Kerwenet<\/title>\n<meta name=\"robots\" content=\"index, follow, max-snippet:-1, max-image-preview:large, max-video-preview:-1\" \/>\n<link rel=\"canonical\" href=\"https:\/\/www.trebeurden-chambres-hotes.com\/\" \/>\n<meta property=\"og:locale\" content=\"fr_FR\" \/>\n<meta property=\"og:type\" content=\"article\" \/>\n<meta property=\"og:title\" content=\"Accueil - Chambres d&#039;h\u00f4tes Kerwenet\" \/>\n<meta property=\"og:description\" content=\"Escapade \u00e0 Trebeurden \u2026 \u00e0 la maison Kerwenet ! Venez faire le plein de sensations !Si vous recherchez le d\u00e9paysement dans une ambiance conviviale et accueillante, la Maison Kerwenet vous ouvre ses portes.Nos chambres d\u2019h\u00f4tes sont la destination id\u00e9ale pour d\u00e9couvrir la c\u00f4te de Granit Rose,joyau touristique de la r\u00e9gion.Je vous accueille dans une maison &hellip; Continuer la lecture de &laquo;&nbsp;Accueil&nbsp;&raquo;\" \/>\n<meta property=\"og:url\" content=\"https:\/\/www.trebeurden-chambres-hotes.com\/\" \/>\n<meta property=\"og:site_name\" content=\"Chambres d&#039;h\u00f4tes Kerwenet\" \/>\n<meta property=\"article:modified_time\" content=\"2023-08-29T16:16:19+00:00\" \/>\n<meta property=\"og:image\" content=\"https:\/\/www.trebeurden-chambres-hotes.com\/wp-content\/uploads\/2023\/08\/lampe-galet.png\" \/>\n<meta name=\"twitter:card\" content=\"summary_large_image\" \/>\n<meta name=\"twitter:label1\" content=\"Dur\u00e9e de lecture estim\u00e9e\" \/>\n\t<meta name=\"twitter:data1\" content=\"2 minutes\" \/>\n<script type=\"application\/ld+json\" class=\"yoast-schema-graph\">{\"@context\":\"https:\/\/schema.org\",\"@graph\":[{\"@type\":\"WebPage\",\"@id\":\"https:\/\/www.trebeurden-chambres-hotes.com\/\",\"url\":\"https:\/\/www.trebeurden-chambres-hotes.com\/\",\"name\":\"Accueil - Chambres d&#039;h\u00f4tes Kerwenet\",\"isPartOf\":{\"@id\":\"https:\/\/www.trebeurden-chambres-hotes.com\/#website\"},\"datePublished\":\"2023-07-31T19:51:12+00:00\",\"dateModified\":\"2023-08-29T16:16:19+00:00\",\"breadcrumb\":{\"@id\":\"https:\/\/www.trebeurden-chambres-hotes.com\/#breadcrumb\"},\"inLanguage\":\"fr-FR\",\"potentialAction\":[{\"@type\":\"ReadAction\",\"target\":[\"https:\/\/www.trebeurden-chambres-hotes.com\/\"]}]},{\"@type\":\"BreadcrumbList\",\"@id\":\"https:\/\/www.trebeurden-chambres-hotes.com\/#breadcrumb\",\"itemListElement\":[{\"@type\":\"ListItem\",\"position\":1,\"name\":\"Accueil\",\"item\":\"https:\/\/www.trebeurden-chambres-hotes.com\/\"},{\"@type\":\"ListItem\",\"position\":2,\"name\":\"Accueil\"}]},{\"@type\":\"WebSite\",\"@id\":\"https:\/\/www.trebeurden-chambres-hotes.com\/#website\",\"url\":\"https:\/\/www.trebeurden-chambres-hotes.com\/\",\"name\":\"Chambres d'h\u00f4tes Kerwenet\",\"description\":\"\",\"potentialAction\":[{\"@type\":\"SearchAction\",\"target\":{\"@type\":\"EntryPoint\",\"urlTemplate\":\"https:\/\/www.trebeurden-chambres-hotes.com\/?s={search_term_string}\"},\"query-input\":\"required name=search_term_string\"}],\"inLanguage\":\"fr-FR\"}]}<\/script>\n<!-- \/ Yoast SEO plugin. -->","yoast_head_json":{"title":"Accueil - Chambres d&#039;h\u00f4tes Kerwenet","robots":{"index":"index","follow":"follow","max-snippet":"max-snippet:-1","max-image-preview":"max-image-preview:large","max-video-preview":"max-video-preview:-1"},"canonical":"https:\/\/www.trebeurden-chambres-hotes.com\/","og_locale":"fr_FR","og_type":"article","og_title":"Accueil - Chambres d&#039;h\u00f4tes Kerwenet","og_description":"Escapade \u00e0 Trebeurden \u2026 \u00e0 la maison Kerwenet ! Venez faire le plein de sensations !Si vous recherchez le d\u00e9paysement dans une ambiance conviviale et accueillante, la Maison Kerwenet vous ouvre ses portes.Nos chambres d\u2019h\u00f4tes sont la destination id\u00e9ale pour d\u00e9couvrir la c\u00f4te de Granit Rose,joyau touristique de la r\u00e9gion.Je vous accueille dans une maison &hellip; Continuer la lecture de &laquo;&nbsp;Accueil&nbsp;&raquo;","og_url":"https:\/\/www.trebeurden-chambres-hotes.com\/","og_site_name":"Chambres d&#039;h\u00f4tes Kerwenet","article_modified_time":"2023-08-29T16:16:19+00:00","og_image":[{"url":"https:\/\/www.trebeurden-chambres-hotes.com\/wp-content\/uploads\/2023\/08\/lampe-galet.png"}],"twitter_card":"summary_large_image","twitter_misc":{"Dur\u00e9e de lecture estim\u00e9e":"2 minutes"},"schema":{"@context":"https:\/\/schema.org","@graph":[{"@type":"WebPage","@id":"https:\/\/www.trebeurden-chambres-hotes.com\/","url":"https:\/\/www.trebeurden-chambres-hotes.com\/","name":"Accueil - Chambres d&#039;h\u00f4tes Kerwenet","isPartOf":{"@id":"https:\/\/www.trebeurden-chambres-hotes.com\/#website"},"datePublished":"2023-07-31T19:51:12+00:00","dateModified":"2023-08-29T16:16:19+00:00","breadcrumb":{"@id":"https:\/\/www.trebeurden-chambres-hotes.com\/#breadcrumb"},"inLanguage":"fr-FR","potentialAction":[{"@type":"ReadAction","target":["https:\/\/www.trebeurden-chambres-hotes.com\/"]}]},{"@type":"BreadcrumbList","@id":"https:\/\/www.trebeurden-chambres-hotes.com\/#breadcrumb","itemListElement":[{"@type":"ListItem","position":1,"name":"Accueil","item":"https:\/\/www.trebeurden-chambres-hotes.com\/"},{"@type":"ListItem","position":2,"name":"Accueil"}]},{"@type":"WebSite","@id":"https:\/\/www.trebeurden-chambres-hotes.com\/#website","url":"https:\/\/www.trebeurden-chambres-hotes.com\/","name":"Chambres d'h\u00f4tes Kerwenet","description":"","potentialAction":[{"@type":"SearchAction","target":{"@type":"EntryPoint","urlTemplate":"https:\/\/www.trebeurden-chambres-hotes.com\/?s={search_term_string}"},"query-input":"required name=search_term_string"}],"inLanguage":"fr-FR"}]}},"_links":{"self":[{"href":"https:\/\/www.trebeurden-chambres-hotes.com\/index.php\/wp-json\/wp\/v2\/pages\/5","targetHints":{"allow":["GET"]}}],"collection":[{"href":"https:\/\/www.trebeurden-chambres-hotes.com\/index.php\/wp-json\/wp\/v2\/pages"}],"about":[{"href":"https:\/\/www.trebeurden-chambres-hotes.com\/index.php\/wp-json\/wp\/v2\/types\/page"}],"author":[{"embeddable":true,"href":"https:\/\/www.trebeurden-chambres-hotes.com\/index.php\/wp-json\/wp\/v2\/users\/1"}],"replies":[{"embeddable":true,"href":"https:\/\/www.trebeurden-chambres-hotes.com\/index.php\/wp-json\/wp\/v2\/comments?post=5"}],"version-history":[{"count":9,"href":"https:\/\/www.trebeurden-chambres-hotes.com\/index.php\/wp-json\/wp\/v2\/pages\/5\/revisions"}],"predecessor-version":[{"id":176,"href":"https:\/\/www.trebeurden-chambres-hotes.com\/index.php\/wp-json\/wp\/v2\/pages\/5\/revisions\/176"}],"wp:attachment":[{"href":"https:\/\/www.trebeurden-chambres-hotes.com\/index.php\/wp-json\/wp\/v2\/media?parent=5"}],"curies":[{"name":"wp","href":"https:\/\/api.w.org\/{rel}","templated":true}]}}